be m(-12). Is u(h) a prime number?
False
Suppose 24*t - 236718 = 6*t. Is t prime?
True
Let k = 608 + 3455. Is k prime?
False
Let w(b) = b**2 - 2*b + 2. Let q be w(0). Suppose 10 = -2*i + 4*i, -2*t - q*i + 948 = 0. Suppose -4*y + 11*y = t. Is y a prime number?
True
Let d = 17 + -15. Let z(x) = -21*x**d - x - x + 134*x**2. Is z(-1) a prime number?
False
Let y(o) = -o**2 - 15*o - 20. Let i be y(-13). Suppose i*u = 1253 + 13. Is u composite?
False
Suppose -4*d = -2*p - 0*d + 32878, 3*d = 4*p - 65756. Is p a prime number?
False
Suppose 0 = 2*t - 4*f - 5488, 0 = t - 0*t - f - 2748. Let o = -1581 + t. Is o a prime number?
True
Let r be (-6)/(-9)*(-6)/(-4). Let y be -4*(r - 0)/(-1). Is 1644/48 + 3/y a prime number?
False
Let s = 61103 + 139364. Is s composite?
False
Let c = -151 + 270. Let g be c/35 + 2/(-5). Suppose g*b = 4*p + 4*b - 298, 2*p = -3*b + 154. Is p composite?
True
Is (164409/(-126))/((-1)/6) a composite number?
False
Let v = -144196 - -317217. Is v prime?
True
Is 42/9*6*(-6978)/(-24) a prime number?
False
Let v(j) = 2*j**2 + 3*j + 3. Let f be v(-2). Suppose -4*q + 201 = -s + 570, s - f*q - 368 = 0. Is s composite?
False
Suppose -2384870 = -48*p + 2*p. Is p a prime number?
False
Let v(z) = -z**3 - 18*z**2 + 20*z + 23. Let p be v(-19). Suppose -n - p*q = -330, -6*n + 615 = -4*n - q. Suppose d + d - n = 0. Is d a prime number?
False
Let d be ((-32)/24)/((-2)/6). Suppose -d*v + o = v - 10063, 2017 = v + 2*o. Suppose 0 = 5*w - 4*n - v, 3*w - 4*n - 810 = w. Is w a composite number?
False
Let j(z) = z**2 + 11*z + 26. Let d be j(-9). Suppose -2*i = -d, -g + 0*i = 5*i - 858. Is g a prime number?
False
Let k(f) = 540*f**2 + 183*f - 10. Is k(9) prime?
True
Suppose -5*l = -25, 3*l = -r - 136 + 1858. Is r prime?
False
Let b = 4 - 4. Is (307 - b)*36/12 composite?
True
Is 74/(-296) + (-356205)/(-4) composite?
False
Let b(n) = -n**3 - 1 + 2*n**2 + 0 + 5*n**2 + 0*n**2. Let l be b(7). Let j = l - -14. Is j a prime number?
True
Let i(c) = -8*c**2 - 27*c - 34. Let k(a) = 4*a**2 + 14*a + 17. Let s(g) = -6*i(g) - 11*k(g). Let u be s(-7). Let n = u + -99. Is n composite?
True
Suppose 3*h = 2*v + 94, -h = -5*v - 301 + 79. Is -194*(-5)/((-40)/v) composite?
True
Suppose -4*n + 43873 = 3*i, -5*n - 3*i - i = -54841. Is n composite?
True
Suppose 4*u - 1620 = 2*u. Let t be -551 + 1/(2/8). Let f = u + t. Is f prime?
True
Let o = -21 + 44. Let n be (o - 7)*(-5)/(-2). Suppose 4*q - 145 = -5*j, 3*j - q - 110 + n = 0. Is j a composite number?
True
Let m(u) = 410*u - 1. Let f be m(1). Let y = 600 - f. Is y a composite number?
False
Let z(i) = -i**2 + 40*i - 2. Is z(21) a prime number?
True
Suppose -5*p + 7 = 2. Let a(f) be the third derivative of 17*f**5/5 - f**4/24 + 9*f**2. Is a(p) prime?
False
Let r = 230 - 152. Suppose -f = r - 416. Let b = 525 - f. Is b composite?
True
Let o(w) = 2*w**3 + 2*w**2 - w - 2. Let l be o(-1). Is l/3 - (-3126)/9 composite?
False
Let q be ((-895)/10)/((-1)/14). Suppose x = 4*d + q, -2*d - 5678 + 1919 = -3*x. Is x a composite number?
True
Suppose 4*i + 0*z + 256 = 3*z, 4*i + 2*z = -276. Let d be -9 + 3 + 3 - 33. Let s = d - i. Is s prime?
True
Let u be -3*4/((-8)/2). Suppose -3829 = -4*n - u*n. Is n prime?
True
Let a(g) = 560*g**3 + 1. Let w be a(-1). Let h = 962 + w. Is h composite?
True
Is ((-119885)/(-35))/(8/(55 - -1)) a prime number?
True
Let j = 869 + -258. Is j a composite number?
True
Let w(l) = -l - 19. Let y be w(-15). Let m(c) = c**3 + 5*c**2 + 3*c. Let x be m(y). Is 50/1 - (x - 7) a prime number?
True
Is (-42951)/(-21) + 14/(-49)*1 composite?
True
Let d = 29 - 33. Is (-4666)/(-2) - (1*d)/2 a composite number?
True
Suppose -9*w + 96967 + 46556 = 0. Is w composite?
True
Let t = 22 + -22. Suppose t = -5*k + k. Suppose k = -h + 69 + 430. Is h a prime number?
True
Suppose 3*g - 24 = -g. Suppose 2*z = -g*z + 440. Is z a composite number?
True
Suppose -p + 26710 = -4*o + 2*p, -2*p = 2*o + 13362. Let k = -3948 - o. Suppose c = 5*z - k, 2*z = -3*z - c + 2739. Is z composite?
False
Let g(f) = -10*f**3 + 3*f**2 + 11. Let z(j) = 80*j + 10*j**3 - 10 - 2*j**2 - 80*j. Let c(o) = 5*g(o) + 6*z(o). Is c(4) a composite number?
False
Let z be (-4542)/8 - 2/8. Let w be 5 + (-1)/(-3)*9*-318. Let a = z - w. Is a composite?
True
Let l = -372 - -10637. Is l a prime number?
False
Suppose 0 = -4*v + 4*d + 7720, 3*d + 9625 - 1904 = 4*v. Is v a prime number?
True
Let o(s) = -s**3 - 7*s**2 - 9*s - 9. Let k be o(-6). Let a = -3 + k. Is ((-4)/a)/(4/(-1542)) prime?
True
Is 12/20 - (-107124)/10 composite?
True
Suppose 0 = 7*k - 149 - 27662. Is k a prime number?
False
Suppose 3*q - 5*x - 494695 = -159293, -q + 4*x + 111803 = 0. Is q prime?
True
Let w(z) = z**2 + 2*z - 2. Let x be (10/4)/(1/(-2)). Let u be w(x). Let y = u + 9. Is y composite?
True
Let r(f) = f**3 - 10*f**2 + 13*f - 8. Is r(14) a composite number?
True
Let i(q) = q**3 + q + 4*q**2 - 3*q**2 + 0*q + 157. Let l be 3/(-9) + (-5)/(-15). Is i(l) a prime number?
True
Is 3/(-2 + 21/17778*1694) prime?
True
Suppose -4*j - 824 = 404. Let t = j - -1128. Is t prime?
True
Let v be (-12)/(-3) + -1 + -1. Suppose v - 5 = 3*d, 5*d + 777 = 2*k. Let a = -252 + k. Is a composite?
True
Let s be (-2)/2 - (-117)/(-9). Is -1 + -2 - 412/8*s prime?
False
Let l(k) = 12012*k**2 - 17*k - 18. Is l(-1) prime?
True
Let j = 14 + -9. Let f = -2 + j. Is (f/(-9))/(1/(-267)) a prime number?
True
Let j = 1900 - 736. Suppose -d = -j + 13. Is d composite?
False
Suppose 0 = -52*w + 49*w + 1887. Is w a prime number?
False
Suppose 0 = 5*u - 8 - 7. Suppose 0 = 4*i - u*i - 1148. Suppose i + 871 = 3*h. Is h prime?
True
Is ((-31)/(-6))/((-1375)/66 - -21) composite?
False
Let b(f) = -16*f - 1. Let z(n) = -n**2 + 5*n + 5. Let h be (-2 + -1 - -1) + 9. Let c be z(h). Is b(c) prime?
False
Let h = 3591 + 4061. Suppose 0 = -5*a - 2*s + 9565, 0 = -4*a + 3*s + 2*s + h. Is a prime?
True
Let x = 6 - 1. Suppose 2*a = -3*j, -x*a = -10*a + 4*j. Is (11*20 - -3) + a prime?
True
Suppose -8*p + 5*r + 1670 = -3*p, 4*p = 5*r + 1331. Is p prime?
False
Let d(b) = -b**3 - 17*b**2 + b + 20. Let c be d(-17). Is (-1)/(-4 + c) + 12360/4 prime?
False
Suppose 420*g - 426*g = -5874. Is g a composite number?
True
Suppose -g = 9 + 5. Let b = g - -16. Suppose 0 = m - b*m - 4, -5*p - 5*m + 95 = 0. Is p prime?
True
Is (-4621)/(10/(-5) + 5 + -4) prime?
True
Let q(v) = v**3 - 10*v**2 + v + 91. Is q(14) composite?
True
Let f(h) = h**3 + 7. Let v be f(0). Let p be -2 + (v - 2) + 99. Suppose 36 + p = 2*y. Is y composite?
True
Suppose 0 = -6*m + 3*m - w + 113036, 0 = 2*m + 3*w - 75362. Is m a prime number?
False
Suppose 89 - 9 = 5*f. Let b = f - 16. Suppose b*u + u = 77. Is u prime?
False
Suppose 5*r + c + 895 = -2*c, -2*r + 5*c = 327. Let h = -72 - r. Suppose -5*k - 34 = -h. Is k a prime number?
False
Let l(o) = -o**2 + 11*o - 8. Let k be l(10). Suppose -z + 5 = a, -3*a - 15 = k*a - 5*z. Is (a - 3) + (21 - 0) prime?
True
Suppose c + 297 = 2*c. Let u be ((-380)/50)/(2/10). Let t = c + u. Is t prime?
False
Let y = 2726 - -6441. Is y a prime number?
False
Suppose 0 = 4*p - 3*g + 37872, -p - 2*p - 28379 = 4*g. Is (5 - (-85)/(-15))*p/2 a composite number?
True
Suppose 8720 + 13340 = 10*c. Is c a prime number?
False
Let w = -67 - -47. Let s = -16 - w. Suppose -1115 = -s*o - o. Is o a prime number?
True
Let w = 293 + 614. Suppose -41*m + 40*m + w = 0. Is m prime?
True
Let j = 77585 + -45712. Is j a prime number?
True
Let h = 3446 - 1911. Is h prime?
False
Suppose h = -h. Let g be -2 - (-1 + h) - -4. Suppose 2*u + g*r - 52 = 0, -3*u + r + 42 + 36 = 0. Is u composite?
True
Let c = -11054 - -18123. Is c a composite number?
False
Suppose 3*r - 53 = -74. Let z(w) = -32*w - 11. Is z(r) a prime number?
False
Suppose 0 = -3*h + 14 - 2. Suppose 2*k - 3*k = 4*y - 2852, 3*y = h*k + 2139. Let b = -378 + y. Is b a prime number?
False
Suppose 8*q = -2751 + 8519. Let w = q - 188. Is w composite?
True
Suppose -4*x = -3*x - 3. Suppose 0 = p + 3*m + 6, 6 = 5*p - 6*m + x*m. Suppose -g - 3 = p, -3*i + 4*i + 2*g - 53 = 0. Is i composite?
False
Let z(t) = 175*t + 4. Let o be z(-3). Let h = 1158 - 296. Let x = h + o. Is x prime?
False
Suppose 5*j + a = 3*a + 3715, -5*j = -5*a - 3715. Suppose -5*w + j = 5*s - 547, -w = 5*s - 1294. Is s a prime number?
False
Suppose -2*k - w = -1162, -3*w - 1192 = -5*k + 1724. Sup